on factor of 150 and 492.
6
What is the greatest common divisor of 2272 and 416?
32
What is the highest common factor of 5915 and 65?
65
What is the greatest common divisor of 162 and 6?
6
Calculate the highest common divisor of 3760 and 1645.
235
Calculate the greatest common factor of 9396 and 232.
116
Calculate the highest common divisor of 2695 and 110.
55
What is the highest common factor of 8865 and 18?
9
Calculate the highest common divisor of 39430 and 10.
10
Calculate the highest common divisor of 12 and 1028.
4
Calculate the highest common factor of 1812 and 9.
3
Calculate the greatest common factor of 145 and 1.
1
What is the greatest common factor of 39 and 325?
13
Calculate the highest common divisor of 64 and 5696.
64
Calculate the greatest common divisor of 133 and 14.
7
What is the highest common divisor of 195 and 26?
13
What is the highest common divisor of 3113 and 22?
11
Calculate the greatest common factor of 218 and 2.
2
What is the highest common divisor of 1808 and 791?
113
What is the greatest common factor of 28 and 175?
7
Calculate the highest common factor of 104 and 143.
13
Calculate the greatest common factor of 422 and 46.
2
What is the highest common factor of 11998 and 42?
14
Calculate the highest common factor of 10105 and 86.
43
What is the greatest common factor of 12315 and 15?
15
What is the greatest common divisor of 572 and 2236?
52
What is the greatest common divisor of 96 and 48?
48
What is the highest common divisor of 209 and 44?
11
Calculate the highest common factor of 2 and 218.
2
Calculate the highest common divisor of 25 and 170.
5
Calculate the highest common factor of 117 and 12.
3
What is the greatest common divisor of 54 and 432?
54
What is the greatest common factor of 11 and 9?
1
Calculate the greatest common divisor of 7740 and 900.
180
What is the highest common factor of 378 and 168?
42
Calculate the highest common divisor of 102 and 442.
34
Calculate the greatest common divisor of 871 and 5159.
67
What is the highest common factor of 188 and 141?
47
What is the highest common divisor of 35 and 245?
35
Calculate the highest common factor of 20 and 4.
4
What is the highest common divisor of 138 and 78?
6
Calculate the greatest common divisor of 16710 and 30.
30
Calculate the highest common divisor of 40 and 940.
20
What is the greatest common factor of 215 and 2322?
43
What is the greatest common divisor of 11641 and 7?
7
Calculate the greatest common factor of 391 and 115.
23
Calculate the greatest common divisor of 256 and 8.
8
What is the greatest common divisor of 365 and 73?
73
What is the highest common divisor of 37 and 851?
37
Calculate the greatest common divisor of 475 and 25.
25
Calculate the greatest common factor of 2236 and 104.
52
Calculate the highest common factor of 544 and 1496.
136
Calculate the greatest common divisor of 68 and 85.
17
Calculate the highest common factor of 616 and 2728.
88
What is the highest common factor of 9 and 36?
9
Calculate the highest common divisor of 73 and 2336.
73
What is the highest common divisor of 27 and 459?
27
Calculate the highest common factor of 122 and 427.
61
What is the highest common factor of 69285 and 310?
155
What is the highest common factor of 729 and 162?
81
Calculate the greatest common factor of 6 and 1362.
6
What is the highest common factor of 11811 and 127?
127
Calculate the highest common factor of 76 and 52.
4
Calculate the highest common factor of 54 and 1350.
54
Calculate the greatest common divisor of 57 and 36879.
57
What is the highest common divisor of 399 and 114?
57
What is the highest common divisor of 4788 and 19?
19
Calculate the greatest common divisor of 81 and 21789.
81
What is the greatest common factor of 74 and 37?
37
What is the greatest common divisor of 522 and 81?
9
What is the greatest common factor of 10 and 70?
10
Calculate the greatest common divisor of 36 and 228.
12
What is the highest common factor of 1984 and 682?
62
What is the highest common factor of 27 and 288?
9
Calculate the greatest common divisor of 13 and 1209.
13
What is the highest common divisor of 11804 and 13?
13
What is the greatest common divisor of 23 and 8?
1
What is the greatest common divisor of 6 and 34?
2
What is the highest common factor of 3038 and 651?
217
What is the highest common divisor of 261 and 486?
9
What is the highest common factor of 1325 and 212?
53
What is the greatest common factor of 40 and 20560?
40
What is the highest common factor of 62575 and 25?
25
Calculate the greatest common factor of 100 and 22700.
100
Calculate the greatest common factor of 345 and 40.
5
What is the highest common divisor of 122 and 366?
122
Calculate the highest common divisor of 10 and 10510.
10
What is the greatest common divisor of 1067 and 291?
97
Calculate the greatest common divisor of 72 and 168.
24
Calculate the highest common divisor of 636 and 12.
12
Calculate the highest common factor of 280 and 504.
56
What is the highest common factor of 69 and 759?
69
Calculate the greatest common divisor of 20 and 40.
20
Calculate the highest common factor of 204 and 51.
51
What is the highest common factor of 8 and 6?
2
Calculate the highest common divisor of 48 and 31932.
12
What is the highest common divisor of 128 and 3200?
128
What is the highest common divisor of 504 and 264?
24
What is the highest common divisor of 82 and 6437?
41
What is the greatest common factor of 50 and 1825?
25
Calculate the highest common factor of 82 and 205.
41
Calculate the highest common factor of 76 and 8.
4
What is the highest common divisor of 27 and 27?
27
Calculate the greatest common factor of 12 and 300.
12
What is the highest common factor of 81 and 216?
27
Calculate the greatest common divisor of 218 and 14.
2
Calculate the highest common divisor of 126 and 154.
14
What is the greatest common divisor of 160 and 32?
32
Calculate the highest common divisor of 78 and 1495.
13
What is the greatest common divisor of 9 and 75?
3
What is the highest common divisor of 31 and 31?
31
Calculate the greatest common divisor of 671 and 488.
61
What is the greatest common divisor of 20 and 3020?
20
What is the highest common divisor of 744 and 368?
8
Calculate the highest common factor of 25 and 3025.
25
Calculate the highest common factor of 11 and 704.
11
What is the greatest common factor of 2924 and 387?
43
Calculate the highest common factor of 290 and 85.
5
What is the highest common factor of 69 and 184?
23
Calculate the highest common divisor of 383 and 27193.
383
Calculate the greatest common divisor of 101 and 6767.
101
What is the highest common divisor of 7 and 6139?
7
Calculate the greatest common factor of 64 and 4624.
16
Calculate the highest common divisor of 47 and 611.
47
Calculate the greatest common factor of 1278 and 36.
18
Calculate the greatest common divisor of 630 and 180.
90
Calculate the highest common divisor of 136 and 340.
68
What is the highest common factor of 30 and 48?
6
What is the highest common divisor of 94 and 94?
94
What is the highest common factor of 39 and 429?
39
What is the highest common divisor of 72 and 333?
9
What is the highest common divisor of 1593 and 1416?
177
Calculate the highest common divisor of 56 and 140.
28
What is the greatest common divisor of 448 and 28?
28
What is the highest common factor of 580 and 100?
20
What is the greatest common divisor of 122 and 61?
61
What is the highest common factor of 18 and 276?
6
Calculate the greatest common factor of 3078 and 228.
114
Calculate the highest common divisor of 210 and 2835.
105
What is the greatest common factor of 98 and 51058?
98
What is the highest common divisor of 1201 and 1?
1
What is the greatest common factor of 6 and 86?
2
Calculate the greatest common divisor of 30 and 1010.
10
Calculate the highest common divisor of 11525 and 10.
5
Calculate the highest common divisor of 252 and 378.
126
Calculate the greatest common factor of 1848 and 847.
77
Calculate the greatest common factor of 290 and 1102.
58
Calculate the greatest common divisor of 42 and 2982.
42
Calculate the highest common divisor of 855 and 360.
45
What is the highest common divisor of 69236 and 76?
76
Calculate the greatest common divisor of 26 and 377